ided by 93.
90
What is the remainder when 818 is divided by 10?
8
Calculate the remainder when 122 is divided by 63.
59
Calculate the remainder when 2442 is divided by 813.
3
Calculate the remainder when 137 is divided by 76.
61
What is the remainder when 67 is divided by 17?
16
Calculate the remainder when 556 is divided by 2.
0
Calculate the remainder when 126 is divided by 8.
6
What is the remainder when 53 is divided by 12?
5
Calculate the remainder when 25 is divided by 16.
9
What is the remainder when 150 is divided by 30?
0
Calculate the remainder when 444 is divided by 149.
146
Calculate the remainder when 1631 is divided by 78.
71
What is the remainder when 320 is divided by 73?
28
Calculate the remainder when 263 is divided by 133.
130
What is the remainder when 929 is divided by 85?
79
Calculate the remainder when 169 is divided by 86.
83
Calculate the remainder when 218 is divided by 8.
2
What is the remainder when 272 is divided by 7?
6
Calculate the remainder when 515 is divided by 89.
70
Calculate the remainder when 591 is divided by 72.
15
Calculate the remainder when 4106 is divided by 15.
11
What is the remainder when 138 is divided by 29?
22
Calculate the remainder when 1091 is divided by 156.
155
What is the remainder when 10469 is divided by 6?
5
Calculate the remainder when 2748 is divided by 89.
78
What is the remainder when 213 is divided by 74?
65
Calculate the remainder when 352 is divided by 81.
28
Calculate the remainder when 6466 is divided by 77.
75
Calculate the remainder when 254 is divided by 19.
7
What is the remainder when 191 is divided by 49?
44
Calculate the remainder when 295 is divided by 30.
25
Calculate the remainder when 260 is divided by 65.
0
What is the remainder when 1615 is divided by 34?
17
What is the remainder when 136 is divided by 29?
20
Calculate the remainder when 7036 is divided by 51.
49
What is the remainder when 18472 is divided by 49?
48
What is the remainder when 6118 is divided by 45?
43
What is the remainder when 850 is divided by 202?
42
What is the remainder when 3456 is divided by 14?
12
What is the remainder when 374 is divided by 76?
70
What is the remainder when 1850 is divided by 18?
14
Calculate the remainder when 8 is divided by 1.
0
Calculate the remainder when 416 is divided by 59.
3
What is the remainder when 399 is divided by 114?
57
Calculate the remainder when 214 is divided by 18.
16
What is the remainder when 4114 is divided by 1028?
2
What is the remainder when 24 is divided by 9?
6
Calculate the remainder when 13616 is divided by 17.
16
Calculate the remainder when 28 is divided by 11.
6
Calculate the remainder when 350 is divided by 74.
54
What is the remainder when 750 is divided by 149?
5
What is the remainder when 2561 is divided by 122?
121
Calculate the remainder when 167 is divided by 52.
11
What is the remainder when 450 is divided by 217?
16
Calculate the remainder when 427 is divided by 53.
3
What is the remainder when 66 is divided by 19?
9
Calculate the remainder when 751 is divided by 9.
4
Calculate the remainder when 42 is divided by 3.
0
Calculate the remainder when 3850 is divided by 1282.
4
What is the remainder when 238 is divided by 120?
118
Calculate the remainder when 269 is divided by 73.
50
What is the remainder when 262 is divided by 122?
18
Calculate the remainder when 1424 is divided by 95.
94
Calculate the remainder when 82 is divided by 31.
20
What is the remainder when 166 is divided by 25?
16
Calculate the remainder when 846 is divided by 341.
164
Calculate the remainder when 1485 is divided by 218.
177
Calculate the remainder when 612 is divided by 238.
136
Calculate the remainder when 82 is divided by 44.
38
Calculate the remainder when 2679 is divided by 15.
9
What is the remainder when 34 is divided by 12?
10
Calculate the remainder when 162 is divided by 158.
4
What is the remainder when 62 is divided by 2?
0
Calculate the remainder when 228 is divided by 10.
8
Calculate the remainder when 56 is divided by 19.
18
What is the remainder when 85 is divided by 48?
37
What is the remainder when 281 is divided by 48?
41
What is the remainder when 88 is divided by 87?
1
Calculate the remainder when 564 is divided by 187.
3
Calculate the remainder when 2094 is divided by 14.
8
Calculate the remainder when 507 is divided by 30.
27
Calculate the remainder when 498 is divided by 44.
14
Calculate the remainder when 67 is divided by 20.
7
Calculate the remainder when 31 is divided by 5.
1
Calculate the remainder when 1090 is divided by 356.
22
Calculate the remainder when 191 is divided by 24.
23
Calculate the remainder when 3957 is divided by 30.
27
Calculate the remainder when 153 is divided by 125.
28
What is the remainder when 83 is divided by 41?
1
What is the remainder when 4182 is divided by 47?
46
What is the remainder when 14361 is divided by 84?
81
What is the remainder when 138 is divided by 3?
0
Calculate the remainder when 1345 is divided by 21.
1
What is the remainder when 304 is divided by 24?
16
Calculate the remainder when 1398 is divided by 14.
12
What is the remainder when 3145 is divided by 350?
345
What is the remainder when 205 is divided by 10?
5
Calculate the remainder when 1778 is divided by 73.
26
What is the remainder when 45177 is divided by 15?
12
What is the remainder when 476 is divided by 24?
20
Calculate the remainder when 525 is divided by 146.
87
Calculate the remainder when 407 is divided by 145.
117
What is the remainder when 4949 is divided by 25?
24
Calculate the remainder when 383 is divided by 5.
3
What is the remainder when 962 is divided by 443?
76
Calculate the remainder when 921 is divided by 570.
351
Calculate the remainder when 3119 is divided by 623.
4
What is the remainder when 2341 is divided by 778?
7
Calculate the remainder when 632 is divided by 131.
108
Calculate the remainder when 764 is divided by 70.
64
What is the remainder when 308 is divided by 39?
35
What is the remainder when 476 is divided by 97?
88
What is the remainder when 419 is divided by 42?
41
Calculate the remainder when 986 is divided by 70.
6
Calculate the remainder when 2195 is divided by 207.
125
What is the remainder when 239 is divided by 154?
85
Calculate the remainder when 149 is divided by 31.
25
What is the remainder when 48 is divided by 17?
14
Calculate the remainder when 154 is divided by 16.
10
Calculate the remainder when 93 is divided by 28.
9
Calculate the remainder when 229 is divided by 21.
19
What is the remainder when 78 is divided by 28?
22
What is the remainder when 342 is divided by 2?
0
Calculate the remainder when 13 is divided by 6.
1
What is the remainder when 24 is divided by 18?
6
What is the remainder when 98 is divided by 96?
2
What is the remainder when 2864 is divided by 61?
58
Calculate the remainder when 306 is divided by 97.
15
Calculate the remainder when 250 is divided by 131.
119
Calculate the remainder when 531 is divided by 5.
1
What is the remainder when 212 is divided by 122?
90
Calculate the remainder when 581 is divided by 185.
26
What is the remainder when 186 is divided by 19?
15
Calculate the remainder when 9755 is divided by 119.
116
Calculate the remainder when 383 is divided by 55.
53
What is the remainder when 41 is divided by 22?
19
Calculate the remainder when 131 is divided by 49.
33
What is the remainder when 46 is divided by 13?
7
Calculate the remainder when 173 is divided by 15.
8
What is the remainder when 2161 is divided by 92?
45
What is the remainder when 3017 is divided by 19?
15
What is the remainder when 681 is divided by 36?
33
Calculate the remainder when 57 is divided by 9.
3
Calculate the remainder when 304 is divided by 41.
17
What is the remainder when 6131 is divided by 93?
86
What is the remainder when 221 is divided by 31?
4
Calculate the remainder when 426 is divided by 19.
8
What is the remainder when 172 is divided by 47?
31
What is the remainder when 346 is divided by 108?
22
What is the remainder when 1435 is divided by 69?
55
Calculate the remainder when 765 is divided by 253.
6
What is the remainder when 140 is divided by 74?
66
What is the remainder when 616 is divided by 75?
16
Calculate the remainder when 1391 is divided by 25.
16
C